{"id":40,"date":"2023-03-07T22:26:52","date_gmt":"2023-03-07T22:26:52","guid":{"rendered":"http:\/\/campingvillarcayo.com\/?page_id=40"},"modified":"2023-04-09T18:58:00","modified_gmt":"2023-04-09T18:58:00","slug":"visita-el-camping-las-francesas-de-villarcayo","status":"publish","type":"page","link":"http:\/\/campingvillarcayo.com\/","title":{"rendered":"Visita el Camping \u00abLas Francesas\u00bb de Villarcayo"},"content":{"rendered":"\n<p>Bonito camping muy cerca del casco urbano de Villarcayo. A tan solo 10 metros de la recepci\u00f3n se encuentran las piscinas municipales del pueblo unas magn\u00edficas instalaciones que permitir\u00e1 a toda la familia disfrutar de refrescantes ba\u00f1os en verano, y a 200 metros las Piscinas naturales del R\u00edo Nela. Dispone de amplias zonas de sombra, con c\u00e9sped en todas las Parcelas. <\/p>\n\n\n\n<p>Se admiten clientes fijos de caravanas. <\/p>\n\n\n\n<p><\/p>\n\n\n\n<p><strong>Datos del camping o alojamiento<\/strong><\/p>\n\n\n\n<ul class=\"wp-block-list\">\n<li>Abierto de : 01\/01 &#8211; 31\/12<\/li>\n\n\n\n<li>Superficie parcela : 80 m2<\/li>\n\n\n\n<li>Superficie camping : 13.000 m2<\/li>\n\n\n\n<li>N\u00famero parcelas : 115<\/li>\n\n\n\n<li>Total plazas: 380<\/li>\n\n\n\n<li>Altitud : 579 m.<\/li>\n\n\n\n<li>GPS [lat,long]: 42.946171,-3.568790<\/li>\n<\/ul>\n\n\n\n<figure class=\"wp-block-image size-full\"><img loading=\"lazy\" decoding=\"async\" width=\"866\" height=\"650\" src=\"http:\/\/campingvillarcayo.com\/wp-content\/uploads\/2023\/03\/villarcayo-piscinas.jpg\" alt=\"\" class=\"wp-image-57\" srcset=\"http:\/\/campingvillarcayo.com\/wp-content\/uploads\/2023\/03\/villarcayo-piscinas.jpg 866w, http:\/\/campingvillarcayo.com\/wp-content\/uploads\/2023\/03\/villarcayo-piscinas-300x225.jpg 300w, http:\/\/campingvillarcayo.com\/wp-content\/uploads\/2023\/03\/villarcayo-piscinas-768x576.jpg 768w\" sizes=\"auto, (max-width: 866px) 100vw, 866px\" \/><figcaption class=\"wp-element-caption\">Piscinas Municipales a escasos metros del camping<\/figcaption><\/figure>\n\n\n\n<figure class=\"wp-block-image size-full\"><img loading=\"lazy\" decoding=\"async\" width=\"984\" height=\"738\" src=\"http:\/\/campingvillarcayo.com\/wp-content\/uploads\/2023\/03\/villar-soto-piscinas.jpg\" alt=\"\" class=\"wp-image-59\" srcset=\"http:\/\/campingvillarcayo.com\/wp-content\/uploads\/2023\/03\/villar-soto-piscinas.jpg 984w, http:\/\/campingvillarcayo.com\/wp-content\/uploads\/2023\/03\/villar-soto-piscinas-300x225.jpg 300w, http:\/\/campingvillarcayo.com\/wp-content\/uploads\/2023\/03\/villar-soto-piscinas-768x576.jpg 768w\" sizes=\"auto, (max-width: 984px) 100vw, 984px\" \/><figcaption class=\"wp-element-caption\">Piscinas naturales a unos 200 metros del camping<\/figcaption><\/figure>\n\n\n\n<figure class=\"wp-block-image size-full is-resized\"><img loading=\"lazy\" decoding=\"async\" src=\"https:\/\/campingvillarcayo.com\/wp-content\/uploads\/2023\/04\/rio-villarcayo-2.jpg\" alt=\"\" class=\"wp-image-121\" width=\"840\" height=\"556\" srcset=\"http:\/\/campingvillarcayo.com\/wp-content\/uploads\/2023\/04\/rio-villarcayo-2.jpg 794w, http:\/\/campingvillarcayo.com\/wp-content\/uploads\/2023\/04\/rio-villarcayo-2-300x199.jpg 300w, http:\/\/campingvillarcayo.com\/wp-content\/uploads\/2023\/04\/rio-villarcayo-2-768x509.jpg 768w\" sizes=\"auto, (max-width: 840px) 100vw, 840px\" \/><figcaption class=\"wp-element-caption\">Puente sobre las piscinas naturales<\/figcaption><\/figure>\n\n\n\n<figure class=\"wp-block-image size-full is-resized\"><img loading=\"lazy\" decoding=\"async\" src=\"https:\/\/campingvillarcayo.com\/wp-content\/uploads\/2023\/04\/rio-villarcayo.jpg\" alt=\"\" class=\"wp-image-122\" width=\"841\" height=\"535\" srcset=\"http:\/\/campingvillarcayo.com\/wp-content\/uploads\/2023\/04\/rio-villarcayo.jpg 794w, http:\/\/campingvillarcayo.com\/wp-content\/uploads\/2023\/04\/rio-villarcayo-300x191.jpg 300w, http:\/\/campingvillarcayo.com\/wp-content\/uploads\/2023\/04\/rio-villarcayo-768x488.jpg 768w\" sizes=\"auto, (max-width: 841px) 100vw, 841px\" \/><figcaption class=\"wp-element-caption\">Piscinas Naturales<\/figcaption><\/figure>\n\n\n\n<figure class=\"wp-block-image size-full is-resized\"><img loading=\"lazy\" decoding=\"async\" src=\"https:\/\/campingvillarcayo.com\/wp-content\/uploads\/2023\/04\/soto-villarcayo.jpg\" alt=\"\" class=\"wp-image-123\" width=\"839\" height=\"556\" srcset=\"http:\/\/campingvillarcayo.com\/wp-content\/uploads\/2023\/04\/soto-villarcayo.jpg 822w, http:\/\/campingvillarcayo.com\/wp-content\/uploads\/2023\/04\/soto-villarcayo-300x199.jpg 300w, http:\/\/campingvillarcayo.com\/wp-content\/uploads\/2023\/04\/soto-villarcayo-768x509.jpg 768w\" sizes=\"auto, (max-width: 839px) 100vw, 839px\" \/><figcaption class=\"wp-element-caption\">Uno de los paseos de El Soto.<\/figcaption><\/figure>\n","protected":false},"excerpt":{"rendered":"<p>Bonito camping muy cerca del casco urbano de Villarcayo. A tan solo 10 metros de la recepci\u00f3n se encuentran las piscinas municipales del pueblo unas magn\u00edficas instalaciones que permitir\u00e1 a toda la familia disfrutar de refrescantes ba\u00f1os en verano, y a 200 metros las Piscinas naturales del R\u00edo Nela. Dispone de amplias zonas de sombra, con c\u00e9sped en todas las Parcelas. Se admiten clientes fijos de caravanas. Datos del camping o alojamiento<\/p>\n","protected":false},"author":1,"featured_media":0,"parent":0,"menu_order":0,"comment_status":"closed","ping_status":"closed","template":"","meta":{"footnotes":""},"class_list":["post-40","page","type-page","status-publish","hentry"],"_links":{"self":[{"href":"http:\/\/campingvillarcayo.com\/index.php?rest_route=\/wp\/v2\/pages\/40","targetHints":{"allow":["GET"]}}],"collection":[{"href":"http:\/\/campingvillarcayo.com\/index.php?rest_route=\/wp\/v2\/pages"}],"about":[{"href":"http:\/\/campingvillarcayo.com\/index.php?rest_route=\/wp\/v2\/types\/page"}],"author":[{"embeddable":true,"href":"http:\/\/campingvillarcayo.com\/index.php?rest_route=\/wp\/v2\/users\/1"}],"replies":[{"embeddable":true,"href":"http:\/\/campingvillarcayo.com\/index.php?rest_route=%2Fwp%2Fv2%2Fcomments&post=40"}],"version-history":[{"count":6,"href":"http:\/\/campingvillarcayo.com\/index.php?rest_route=\/wp\/v2\/pages\/40\/revisions"}],"predecessor-version":[{"id":125,"href":"http:\/\/campingvillarcayo.com\/index.php?rest_route=\/wp\/v2\/pages\/40\/revisions\/125"}],"wp:attachment":[{"href":"http:\/\/campingvillarcayo.com\/index.php?rest_route=%2Fwp%2Fv2%2Fmedia&parent=40"}],"curies":[{"name":"wp","href":"https:\/\/api.w.org\/{rel}","templated":true}]}}